a composite number?
True
Is 1629956809 a prime number?
False
Is 128156861 prime?
False
Is 25886136721 a prime number?
False
Is 384046079 composite?
False
Is 208231343 composite?
False
Is 45696742253 a prime number?
False
Is 99810783749 a composite number?
False
Is 7204315639 composite?
True
Is 1418952989 a prime number?
True
Is 1516266217 prime?
True
Is 465609223 composite?
False
Is 41009945293 a prime number?
True
Is 477772109389 a prime number?
True
Is 11782414081 a prime number?
True
Is 73748736089 prime?
False
Is 258190742 prime?
False
Is 1243795517 prime?
True
Is 114083205113 prime?
True
Is 215927947 prime?
True
Is 1595485363 prime?
False
Is 224610053 a composite number?
False
Is 2831327111 composite?
False
Is 2848050947 a composite number?
True
Is 1587218069 prime?
True
Is 19792501 composite?
False
Is 107398504661 composite?
True
Is 15532376297 a prime number?
True
Is 2496668423 a composite number?
True
Is 4937510453 composite?
False
Is 1725749621 prime?
True
Is 1063926023 composite?
False
Is 4602846811 composite?
False
Is 226203583 prime?
True
Is 4283049877 prime?
False
Is 540921371 a composite number?
False
Is 69267573997 prime?
False
Is 388152839 a composite number?
False
Is 3464712169 prime?
True
Is 553361671 prime?
True
Is 673842211 composite?
True
Is 14145018073 a composite number?
False
Is 7861153303 prime?
False
Is 58255921429 a prime number?
False
Is 5549102851 a prime number?
False
Is 6456551323 composite?
False
Is 150677677 prime?
True
Is 69251032861 a composite number?
False
Is 12772693597 a composite number?
False
Is 2318114291 a prime number?
True
Is 1327562183 a prime number?
False
Is 1145745053 prime?
False
Is 5359531057 a composite number?
False
Is 1017187337 a prime number?
False
Is 191045143001 a composite number?
True
Is 4938292399 prime?
True
Is 41010419 composite?
False
Is 5335363133 composite?
True
Is 1042607651 prime?
False
Is 12651065057 a prime number?
True
Is 21490791629 a composite number?
False
Is 9821071033 prime?
False
Is 5605227073 prime?
False
Is 1931167169 a composite number?
False
Is 103758449761 composite?
False
Is 576445967 prime?
False
Is 3820844149 composite?
True
Is 3659328559 a prime number?
False
Is 2647493803 a composite number?
False
Is 158678371 composite?
True
Is 1722257 composite?
True
Is 51452747113 a composite number?
False
Is 432317861 a composite number?
True
Is 21272593417 a prime number?
True
Is 57770854117 a composite number?
False
Is 362132389 prime?
True
Is 2824805897 a composite number?
True
Is 77319001 composite?
False
Is 2746601743 a composite number?
True
Is 9234928201 composite?
False
Is 48851281307 a prime number?
True
Is 310099379 composite?
True
Is 4023876371 a prime number?
False
Is 287138561 prime?
True
Is 367457557 prime?
True
Is 1497579269 a composite number?
False
Is 11366353279 composite?
True
Is 21373418291 prime?
True
Is 5105585881 a composite number?
True
Is 1032746489 prime?
True
Is 150342774509 composite?
True
Is 14255840359 prime?
True
Is 3093934997 a prime number?
True
Is 7044840955 composite?
True
Is 4646975507 a composite number?
False
Is 99178778645 a prime number?
False
Is 20281502053 a composite number?
False
Is 56048708207 a prime number?
True
Is 17645114101 composite?
True
Is 1410345667 prime?
False
Is 1650246023 prime?
False
Is 48694159 composite?
False
Is 19873998691 a composite number?
False
Is 23356653487 composite?
True
Is 453818341 prime?
True
Is 8835624437 composite?
False
Is 2377415879 a composite number?
False
Is 5060356087 a prime number?
True
Is 121200138653 composite?
True
Is 1674876677 prime?
False
Is 21554015771 prime?
False
Is 107526544303 a composite number?
True
Is 3968240449 prime?
True
Is 71812452169 a composite number?
False
Is 238196069 a composite number?
True
Is 1508419109 prime?
True
Is 775826665 prime?
False
Is 3179302873 composite?
False
Is 57847892299 a composite number?
False
Is 29011782451 composite?
True
Is 23747452657 prime?
True
Is 513803074 prime?
False
Is 1402560847 a prime number?
True
Is 14527386163 prime?
False
Is 658316761 a prime number?
True
Is 779252029 a prime number?
False
Is 48928425631 composite?
False
Is 27874479937 prime?
False
Is 103507513997 composite?
False
Is 133640459 prime?
True
Is 28861298119 prime?
True
Is 1960735319 composite?
False
Is 65031467 a composite number?
False
Is 16092034429 a composite number?
True
Is 159367928929 composite?
True
Is 480279209 composite?
False
Is 1061393819 a composite number?
False
Is 227704973 a composite number?
False
Is 6971401201 prime?
True
Is 50497620659 composite?
False
Is 97415141 a composite number?
False
Is 199148051 a prime number?
False
Is 1538091353 a composite number?
False
Is 36597225043 prime?
False
Is 11477634313 a composite number?
True
Is 9265526981 prime?
True
Is 214154327 prime?
True
Is 2291211809 a prime number?
True
Is 14479232513 composite?
True
Is 183052307 a prime number?
False
Is 143461670377 prime?
True
Is 114050080441 a composite number?
True
Is 1098358571 a composite number?
True
Is 9567990217 prime?
False
Is 17701903421 a composite number?
True
Is 5825084929 a composite number?
False
Is 974905231 prime?
False
Is 95439499 a prime number?
True
Is 7346106277 prime?
False
Is 231784717 composite?
False
Is 6271930247 prime?
False
Is 240102127 composite?
False
Is 5558194637 a prime number?
True
Is 187181251 a composite number?
False
Is 21653382755 a prime number?
False
Is 235262767 prime?
True
Is 620183071 a composite number?
False
Is 71693071211 a prime number?
False
Is 34867787 a composite number?
True
Is 6283141 composite?
False
Is 16942822661 composite?
False
Is 6077679457 composite?
False
Is 12903896293 composite?
False
Is 1769264831 prime?
True
Is 774868129 a prime number?
False
Is 33019191377 composite?
False
Is 40386610169 a composite number?
False
Is 2208266383 a composite number?
False
Is 702660929 a prime number?
True
Is 71310819841 prime?
True
Is 9830754161 a composite number?
True
Is 496298423 prime?
False
Is 2589806669 prime?
True
Is 5955670319 composite?
False
Is 80628783419 a composite number?
True
Is 4337115613 composite?
False
Is 69710065 a prime number?
False
Is 17518539527 composite?
False
Is 28907099 a composite number?
True
Is 692052518 a prime number?
False
Is 7258074541 prime?
False
Is 67149221 prime?
True
Is 1054355041 prime?
False
Is 1395113039 a composite number?
True
Is 889417367 composite?
False
Is 12460954085 a composite number?
True
Is 15184400761 a prime number?
False
Is 342704317 a composite number?
False
Is 93552649813 a composite number?
True
Is 4823624441 a prime number?
False
Is 100626266249 prime?
False
Is 8506019701 composite?
False
Is 537184209 prime?
False
Is 2172049679 a composite number?
True
Is 53224052621 a composite number?
False
Is 2405114143 a prime number?
True
Is 45700673 prime?
True
Is 1705296487 composite?
True
Is 220316453 composite?
True
Is 1355693191 composite?
False
Is 912434681 a prime number?
True
Is 1543879417 prime?
False
Is 156278581 composite?
False
Is 5271493507 a prime number?
False
Is 392861197 a prime number?
True
Is 6695311591 a prime number?
True
Is 4111888759 prime?
False
Is 24284410357 a prime number?
False
Is 34694656351 a prime number?
True
Is 216110889791 composite?
False
Is 242293633 a composite number?
True
Is 2096329019 composite?
True
Is 62563798559 a composite number?
False
Is 121904704211 prime?
True
Is 1079743097 composite?
False
Is 14208755518 a composite number?
True
Is 3239934371 prime?
True
Is 212914523 prime?
True
Is 1080540913 a composite number?
False
Is 7623990781 composite?
True
Is 6033205363 a composite number?
True
Is 15450175421 a composite number?
True
Is 5634870869 a prime number?
False
Is 818853151 composite?
False
Is 334461307 composite?
True
Is 21964202399 a prime number?
False
Is 295080347 a prime number?
False
Is 4523551447 a composite number?
True
Is 116172769 a prime number?
False
Is 24118686623 composite?
True
Is 2361004519 composite?
False
Is 1778899519 composite?
True
Is 841474617 prime?
False
Is 7884086891 a prime number?
False
Is 44206568129 a composite number?
True
Is 1124057971 a prime number?
True
Is 989153299 a prime number?
False
Is 34946877221 a composite number?
False
Is 19147395073 composite?
True
Is 66432709487 a composite number?
